{"id":18,"date":"2014-12-01T18:19:43","date_gmt":"2014-12-01T18:19:43","guid":{"rendered":"http:\/\/lyserjuleninn.no\/?page_id=18"},"modified":"2014-12-01T18:23:25","modified_gmt":"2014-12-01T18:23:25","slug":"om-lyser-julen-inn","status":"publish","type":"page","link":"https:\/\/lyserjuleninn.no\/?page_id=18","title":{"rendered":"Om Lyser Julen Inn"},"content":{"rendered":"<p>Du finner visningene i \u00c5nundskaret 72 p\u00e5 \u00c5lg\u00e5rd. Det er begrenset med parkering, og du anbefales \u00e5 parkere ved n\u00e6rliggende parkeringsplass.<\/p>\n<p><a href=\"https:\/\/www.google.no\/maps\/place\/\u00c5nundskaret+72,+4330+\u00c5lg\u00e5rd\/@58.7640363,5.8353472,17z\/data=!3m1!4b1!4m2!3m1!1s0x463a3a42f6b1a4e5:0xac0fa92db1f307ca\">https:\/\/www.google.no\/maps\/<\/a><\/p>\n<p>Har du sp\u00f8rsm\u00e5l, kan du komme i kontakt via Facebook siden.<\/p>\n","protected":false},"excerpt":{"rendered":"<p>Du finner visningene i \u00c5nundskaret 72 p\u00e5 \u00c5lg\u00e5rd. Det er begrenset med parkering, og du anbefales \u00e5 parkere ved n\u00e6rliggende parkeringsplass. https:\/\/www.google.no\/maps\/ Har du sp\u00f8rsm\u00e5l, kan du komme i kontakt <a href=\"https:\/\/lyserjuleninn.no\/?page_id=18\" class=\"more-link\">[&hellip;]<\/a><\/p>\n","protected":false},"author":1,"featured_media":0,"parent":0,"menu_order":0,"comment_status":"open","ping_status":"open","template":"","meta":{"Layout":"","spay_email":"","footnotes":""},"class_list":["entry","author-admin","post-18","page","type-page","status-publish"],"jetpack_sharing_enabled":true,"jetpack_shortlink":"https:\/\/wp.me\/P5pqxh-i","_links":{"self":[{"href":"https:\/\/lyserjuleninn.no\/index.php?rest_route=\/wp\/v2\/pages\/18","targetHints":{"allow":["GET"]}}],"collection":[{"href":"https:\/\/lyserjuleninn.no\/index.php?rest_route=\/wp\/v2\/pages"}],"about":[{"href":"https:\/\/lyserjuleninn.no\/index.php?rest_route=\/wp\/v2\/types\/page"}],"author":[{"embeddable":true,"href":"https:\/\/lyserjuleninn.no\/index.php?rest_route=\/wp\/v2\/users\/1"}],"replies":[{"embeddable":true,"href":"https:\/\/lyserjuleninn.no\/index.php?rest_route=%2Fwp%2Fv2%2Fcomments&post=18"}],"version-history":[{"count":4,"href":"https:\/\/lyserjuleninn.no\/index.php?rest_route=\/wp\/v2\/pages\/18\/revisions"}],"predecessor-version":[{"id":23,"href":"https:\/\/lyserjuleninn.no\/index.php?rest_route=\/wp\/v2\/pages\/18\/revisions\/23"}],"wp:attachment":[{"href":"https:\/\/lyserjuleninn.no\/index.php?rest_route=%2Fwp%2Fv2%2Fmedia&parent=18"}],"curies":[{"name":"wp","href":"https:\/\/api.w.org\/{rel}","templated":true}]}}